. Let h be z(4). Let p be 4*h/((-8)/(-17)). Calculate the highest common factor of p and 17.
17
Let p(z) = 14 - 11*z - 5*z - 15. Let d be p(-1). Calculate the greatest common factor of 45 and d.
15
Let c(p) = -p**3 - 4*p + p**2 + p + 4 - 3*p**2. Let y be c(-4). Let x = -33 + y. Calculate the greatest common factor of x and 5.
5
Let b be (-3 - -3)*(-1)/2. Suppose -m + 17 = 3*q, 3*m + 2*q = 8*m. Suppose -m*k + 7*k - 40 = b. Calculate the highest common factor of k and 32.
8
Let k = 63 + 7. Let s(i) = -97*i**2 + 1. Let g be s(1). Let t be -2 + 0 + g/(-6). What is the greatest common factor of t and k?
14
Let x(j) = j**2 - 7*j + 10. Let d be x(7). Let i be -30*(-2)/(-12)*-2. Calculate the highest common divisor of d and i.
10
Let r be 1*(4 - 2) - -3. Suppose -4*v = r*k - 2 - 3, -27 = -3*v + 4*k. Suppose 4 + v = u. Calculate the highest common divisor of u and 99.
9
Let c(i) = i**3 - 10*i**2 + 7*i - 8. Let v be c(9). Let f be (1 - -2)*v/6. Let r = f - -19. What is the highest common factor of r and 2?
2
Let d = 3 + 6. Let z(n) = n + 8. Let h be z(-6). Let i = h + 7. Calculate the greatest common divisor of d and i.
9
Let l = 10 - 7. Suppose 2*q - 6 = 0, 0 = -l*k + 3*q + 10 + 2. Calculate the greatest common factor of k and 7.
7
Let y be (1 - 4) + 12 + -3. Calculate the highest common divisor of y and 2.
2
Let o be (-4)/10 + (-44)/(-10). Suppose -j + c + 11 = 0, 0 = o*j - 0*j + 3*c - 51. Calculate the highest common divisor of 24 and j.
12
Suppose 5*s + 2*g = -178 - 296, 4*g = s + 108. Let t = 176 + s. What is the highest common divisor of 16 and t?
16
Let f = 41 - 29. What is the greatest common factor of 8 and f?
4
Suppose -2*a + 0 + 2 = 0. Calculate the greatest common divisor of 6 and a.
1
Let x be 2/(-8) - (-362)/8. Suppose 0 = 2*p - p + 5. Let b(q) = q**2 - 2*q - 5. Let w be b(p). What is the greatest common factor of w and x?
15
Let l = -10 + 25. Let c(r) = 5*r**2. Let a be c(-1). Calculate the highest common divisor of a and l.
5
Let v = 9 + -6. Let k(n) = 41*n + 3. Let p be k(v). Calculate the greatest common divisor of p and 14.
14
Let b(p) = p**2 - 5*p - 5. Let q be b(7). What is the highest common divisor of q and 81?
9
Let p = 3 - 7. Let o be (-74)/(-4) - (-2)/p. Calculate the greatest common factor of o and 27.
9
Let g(j) = -11*j + 3. Let r be g(0). Suppose 3*a - 28 + 1 = 0. What is the highest common divisor of r and a?
3
Suppose -6*c + 105 + 129 = 0. What is the greatest common divisor of 429 and c?
39
Suppose 2*q + l = -2*l - 17, 46 = -4*q - 2*l. Let t(o) = -o**3 - 11*o**2 + 4*o. Let p be t(q). Calculate the greatest common divisor of 26 and p.
26
Let t = 155 - 146. Calculate the highest common factor of t and 63.
9
Suppose -4*l - 2 = -18. Let s(n) = n**3 - n**2. Let z be s(2). Calculate the greatest common factor of l and z.
4
Suppose 4*f - i - 53 = 0, -f + 75 = 4*f - 3*i. Let v = -8 + f. Suppose -5*h - v = -14. Calculate the greatest common factor of 5 and h.
1
Suppose 4*p + 36 = 7*p. Let i = p - 9. Suppose -k = -4*j - 19, -i*j + 7 = k - j. Calculate the greatest common factor of 55 and k.
11
Suppose 3*g = -5*g + 104. Suppose 0 = -2*d - 3*y + 7*y + 114, 0 = -3*d - 5*y + 215. Calculate the greatest common divisor of d and g.
13
Suppose 0 = -4*q + g + 47, -2*q + 9*g - 4*g + 1 = 0. What is the highest common divisor of q and 26?
13
Let a(t) = -t**3 + 7*t**2 + 10*t - 12. Let i = 2 + -5. Let m be (-10)/(-2) + i/(-1). Let x be a(m). Calculate the greatest common divisor of x and 28.
4
Let h = 79 + -59. What is the highest common divisor of 10 and h?
10
Let f be (60/35)/(2/56). Calculate the highest common divisor of f and 120.
24
Suppose -t + 35 = 149. Let p = t - -52. Let i = -38 - p. Calculate the highest common factor of i and 3.
3
Suppose 3*u - t = -0*u + 8, 3*u + 3*t = 24. Suppose 22 = u*x - 158. Calculate the greatest common divisor of x and 5.
5
Let j(y) = y + 2. Let c be j(-1). Calculate the greatest common factor of 17 and c.
1
Let w = 105 - 63. What is the greatest common divisor of w and 14?
14
Let y = -33 - -46. Calculate the highest common divisor of y and 104.
13
Suppose r = 2*z - 1, -5*r - 3*z + 6 = -15. Calculate the greatest common divisor of 3 and r.
3
Let r(z) = 4*z**2 + z - 3. Let m be r(-2). What is the greatest common divisor of m and 55?
11
Suppose 0 = v - 3 - 1. Suppose -v*s + 285 = s. What is the greatest common factor of s and 38?
19
Let d(s) = -s**3 - s**2 + 2*s + 3. Let b be d(-3). Calculate the greatest common factor of 45 and b.
15
Let l = -3 - -105. What is the greatest common factor of l and 17?
17
Suppose 0 = 2*y + 2*y + 2*h + 8, -5*h - 20 = -3*y. Let j = y + 11. What is the greatest common factor of 33 and j?
11
Let v(a) = a**2 - 2*a - 14. Let u be v(7). What is the greatest common divisor of 7 and u?
7
Suppose -5*a = -0*a - 5. What is the highest common divisor of 3 and a?
1
Suppose 0*f - 5*f + 2042 = 2*c, 1660 = 4*f - 5*c. Calculate the highest common factor of 41 and f.
41
Suppose 12*l = 9*l + 6. Suppose 4*p - 24 = -q, 2*p - 3*q + 0 + l = 0. What is the highest common factor of 25 and p?
5
Let l(v) = -v**3 + 5*v**2 - 3*v + 3. Let z be l(4). Calculate the greatest common factor of 28 and z.
7
Let s be 4 + -2 - -2*1. Let q be 1*(-1 - 0)*-7. Let c = q - 1. Calculate the highest common divisor of s and c.
2
Let q = 274 + -124. Suppose 0*f + q = 5*f. Let p = -67 - -112. What is the greatest common divisor of p and f?
15
Suppose -4*t = -3*t - 10. Suppose 551 = 4*i + 19. Let b = i - 63. Calculate the greatest common factor of b and t.
10
Let a be -12*(2 + (-68)/6). Calculate the greatest common divisor of a and 28.
28
Suppose 29 = 5*h - 21. Suppose -8*f + 3*f = -15. Suppose 3*c + 285 = 3*b, 376 = f*b - 4*c + 96. What is the greatest common factor of b and h?
10
Let x(o) = 9*o**2 - o - 1. Let b be x(-1). Let h = 6 - b. Let l be (-2 - -4) + h + 15. Calculate the highest common divisor of l and 2.
2
Let q = 35 + -32. Calculate the greatest common divisor of 12 and q.
3
Let t(n) = n**2 + 3. Let p be t(0). Suppose 0 = p*q - 757 + 247. What is the highest common divisor of 17 and q?
17
Let q = 17 - 11. Let r(g) = 3*g + g - 3*g. Let c be r(6). What is the greatest common divisor of q and c?
6
Suppose 6 = -2*l, 2*g = -2*g - 2*l + 74. Calculate the highest common divisor of g and 30.
10
Let c be 4 - 8*2/(-4). Suppose 381 = c*j - 99. Let l = 112 - 72. Calculate the greatest common divisor of l and j.
20
Let d be ((-4)/6)/(1/(-3)). Let n(u) = 5*u - 1. Let b be n(d). Calculate the highest common factor of b and 45.
9
Suppose 8 = -2*a + 4*u, u - 16 = 4*a - 7*a. Suppose -a = -4*g - 0. Calculate the highest common divisor of 9 and g.
1
Let b(s) = s**3 + 9*s**2 - 9*s + 12. Let h be b(-10). Suppose h*i - 7*i = -5. Calculate the greatest common factor of 7 and i.
1
Let z(y) be the first derivative of -4*y + 0*y**3 + 1 + 3/2*y**2 + 1/2*y**4. Let t be z(4). What is the greatest common divisor of 17 and t?
17
Suppose q + 2*q + 6 = 4*y, 9 = 3*y. What is the highest common factor of 14 and q?
2
Let w(q) = q + 10. Let j be w(-12). Let a(i) = -22*i + 1. Let x be a(j). Calculate the highest common divisor of 5 and x.
5
Let k(r) = -r - 4. Let z be k(-6). Let f be 1*(-1 + 12/z). Suppose -5*x = f*q - 140, -x = -2*x + 3*q + 44. Calculate the greatest common divisor of x and 48.
16
Let j be (0 - (-2)/(-1))/(106/(-17225)). What is the greatest common factor of 65 and j?
65
Suppose 0 = -2*t - 14 - 10. Let v be ((-4)/t + -1)*-45. What is the greatest common divisor of v and 30?
30
Let c(m) = 3*m - 1 + 1 - 4*m + 2. Let p be c(-3). Suppose p*f = 2*f + 195. What is the greatest common divisor of 26 and f?
13
Let a be (-33)/2*4*2/(-6). Calculate the highest common divisor of 2 and a.
2
Suppose 0 = -5*n + 4*i + 158, 4*n - 124 = -2*i + 4*i. Suppose 5*f = 3*q - n, -2*f = 3*q + 2*q - 81. Calculate the highest common factor of 165 and q.
15
Let q be 10/3*(-9)/(-6). Suppose -v + b - 6*b = -33, 117 = 4*v + q*b. What is the highest common factor of v and 4?
4
Let x = 55 - 38. Calculate the greatest common factor of x and 17.
17
Let t(d) = 5*d**2 + d. Let n be t(-3). Suppose -3*l = -n + 6. What is the highest common factor of 108 and l?
12
Let c = 11 + -8. Suppose c*m + 0 - 6 = 0. Let p(o) = 6*o - 1. Let q be p(m). What is the highest common diviso